35?
3
What is the hundred millions digit of 839199175?
8
What is the ten thousands digit of 1050541444?
4
What is the tens digit of 593766383?
8
What is the ten thousands digit of 334666708?
6
What is the thousands digit of 384091818?
1
What is the ten millions digit of 20188979?
2
What is the units digit of 7481582895?
5
What is the hundred thousands digit of 1443080018?
0
What is the tens digit of 4214024252?
5
What is the hundred thousands digit of 51531619?
5
What is the thousands digit of 826112722?
2
What is the ten millions digit of 368393212?
6
What is the hundreds digit of 1213730864?
8
What is the billions digit of 5639314717?
5
What is the hundreds digit of 3881222152?
1
What is the hundred thousands digit of 24424310?
4
What is the ten thousands digit of 16799993?
9
What is the hundred thousands digit of 144233491?
2
What is the hundreds digit of 455234218?
2
What is the millions digit of 357105134?
7
What is the thousands digit of 1079122200?
2
What is the hundred thousands digit of 27176247?
1
What is the ten millions digit of 593502646?
9
What is the hundreds digit of 5191421890?
8
What is the thousands digit of 32025411?
5
What is the ten thousands digit of 16190783?
9
What is the units digit of 401267685?
5
What is the millions digit of 54257319?
4
What is the millions digit of 797450583?
7
What is the hundreds digit of 11654012?
0
What is the thousands digit of 12724460?
4
What is the tens digit of 6741350360?
6
What is the tens digit of 350452701?
0
What is the tens digit of 33020391?
9
What is the ten millions digit of 137655642?
3
What is the ten thousands digit of 61029661?
2
What is the ten millions digit of 1084436091?
8
What is the ten thousands digit of 200002265?
0
What is the ten thousands digit of 3223899992?
9
What is the millions digit of 1496667451?
6
What is the ten thousands digit of 1322421840?
2
What is the ten millions digit of 96635709?
9
What is the hundred millions digit of 989190964?
9
What is the thousands digit of 8667755?
7
What is the thousands digit of 4517300?
7
What is the hundred thousands digit of 2965547825?
5
What is the millions digit of 20318459?
0
What is the ten millions digit of 742399373?
4
What is the units digit of 99766651?
1
What is the units digit of 64125234?
4
What is the thousands digit of 613967445?
7
What is the hundred millions digit of 4075747104?
0
What is the tens digit of 72212787?
8
What is the hundreds digit of 105502322?
3
What is the tens digit of 1161309220?
2
What is the ten thousands digit of 351701807?
0
What is the units digit of 66729984?
4
What is the ten thousands digit of 661704730?
0
What is the hundred thousands digit of 1508273560?
2
What is the millions digit of 109481146?
9
What is the hundreds digit of 655650690?
6
What is the units digit of 47023657?
7
What is the hundreds digit of 149550640?
6
What is the ten millions digit of 29595438?
2
What is the millions digit of 903205516?
3
What is the millions digit of 1449355136?
9
What is the hundred thousands digit of 399373280?
3
What is the units digit of 93347976?
6
What is the tens digit of 426353965?
6
What is the tens digit of 447845869?
6
What is the billions digit of 2003144916?
2
What is the thousands digit of 17445892?
5
What is the hundred millions digit of 1174997027?
1
What is the millions digit of 75632692?
5
What is the thousands digit of 385616163?
6
What is the ten millions digit of 6756522738?
5
What is the ten millions digit of 283537083?
8
What is the millions digit of 110851735?
0
What is the millions digit of 65297454?
5
What is the hundred millions digit of 312285586?
3
What is the millions digit of 52935467?
2
What is the units digit of 77787495?
5
What is the thousands digit of 82002417?
2
What is the hundreds digit of 26168648?
6
What is the hundreds digit of 3243113975?
9
What is the tens digit of 93878612?
1
What is the tens digit of 54996?
9
What is the ten millions digit of 289830073?
8
What is the ten thousands digit of 378438199?
3
What is the units digit of 123063649?
9
What is the hundred thousands digit of 3323672067?
6
What is the ten millions digit of 36181900?
3
What is the units digit of 5747281095?
5
What is the ten thousands digit of 33501574?
0
What is the hundred thousands digit of 791686159?
6
What is the units digit of 64148158?
8
What is the millions digit of 582661359?
2
What is the billions digit of 2362594583?
2
What is the tens digit of 24605765?
6
What is the units digit of 61901886?
6
What is the hundred millions digit of 159650565?
1
What is the millions digit of 190534519?
0
What is the hundred thousands digit of 2865055926?
0
What is the hundred thousands digit of 66323860?
3
What is the thousands digit of 2155820541?
0
What is the ten millions digit of 415074054?
1
What is the ten thousands digit of 21719954?
1
What is the hundred millions digit of 124866616?
1
What is the hundred thousands digit of 53036238?
0
What is the thousands digit of 1454894648?
4
What is the ten millions digit of 1263799446?
6
What is the thousands digit of 1359798980?
8
What is the thousands digit of 48861544?
1
What is the ten thousands digit of 377558926?
5
What is the hundreds digit of 398372859?
8
What is the millions digit of 868629587?
8
What is the hundred thousands digit of 280104220?
1
What is the hundred thousands digit of 4354411356?
4
What is the hundred millions digit of 228270769?
2
What is the millions digit of 793144261?
3
What is the ten thousands digit of 53835823?
3
What is the ten millions digit of 27561960?
2
What is the millions digit of 53346888?
3
What is the hundreds digit of 1077950558?
5
What is the units digit of 258920925?
5
What is the tens digit of 1650215997?
9
What is the ten millions digit of 70632547?
7
What is the thousands digit of 7368468?
8
What is the tens digit of 71909066?
6
What is the ten millions digit of 81026257?
8
What is the thousands digit of 471719420?
9
What is the thousands digit of 3897497?
7
What is the ten thousands digit of 191403016?
0
What is the units digit of 344948365?
5
What is the ten thousands digit of 1623593555?
9
What is the hundreds digit of 439521?
5
What is the hundred thousands digit of 30110535?
1
What is the ten millions digit of 200887637?
0
What is the units digit of 1577360013?
3
What is the millions digit of 13879200?
3
What is the ten millions digit of 2640077430?
4
What is the millions digit of 717626780?
7
What is the billions digit of 5691446954?
5
What is the hundreds digit of 49891364?
3
What is the thousands digit of 2188220?
8
What is the hundreds digit of 7572514051?
0
What is the ten thousands digit of 501936663?
3
What is the hundreds digit of 454896024?
0
What is the millions digit of 45390975?
5
What is the thousands digit of 5028318242?
8
What is the millions digit of 4346578688?
6
What is the millions digit of 442888580?
2
What is the ten millions digit of 77584210?
7
What is the units digit of 755959089?
9
What is the millions digit of 643680436?
3
What is the millions digit of 123874333?
3
What is the units digit of 285409376?
6
What is the ten thousands digit of 829579886?
7
What is the hundred thousands digit of 4007411?
0
What is the hundred thousands digit of 3377959036?
9
What is the units digit of 93584249?
9
What is the ten thousands digit of 146754910?
5
What is the hundreds digit of 570145829?
8
What is the ten thousands digit of 131924528?
2
What is the millions digit of 154195147?
4
What is the hundreds digit of 1543418165?
1
What is the hundred millions digit of 3130714086?
1
What is the ten millions digit of 476699521?
7
What is the hundred thousands digit of 1005053947?
0
What is the millions digit of 7544102947?
4
What is the units digit of 161609912?
2
What is the ten millions digit of 382925617?
8
What is the hundreds digit of 4258774?
7
What is the hundreds digit of 23912355?
3
What is the ten thousands digit of 2181453415?
5
What is the ten thousands digit of 2984713211?
1
What is the millions digit of 488343462?
8
What is the units digit of 502594366?
6
What is the hundred millions digit of 161257056?
1
What is the tens digit of 139840376?
7
What is the hundred millions digit of 715138764?
7
What is the thousands digit of 2030199309?
9
What is the tens digit